is 4 + 6330422?
6330426
In base 11, what is 1594a064 + 16?
1594a07a
In base 5, what is 411432014 + -1043?
411430421
In base 10, what is 130954 - 2920?
128034
In base 3, what is -11001 + -12111101?
-12122102
In base 12, what is -1 - -3125006?
3125005
In base 2, what is -111001110001 + -111111111100?
-1111001101101
In base 4, what is -1 + -1022323133?
-1022323200
In base 11, what is 1 - -4a4529?
4a452a
In base 12, what is 3a3 - -b0b9?
b4a0
In base 13, what is 140962 + -18?
140947
In base 6, what is -25214402 - -223?
-25214135
In base 10, what is -441130 + -13?
-441143
In base 14, what is 0 - -302ac1?
302ac1
In base 5, what is -1421132 + -111?
-1421243
In base 16, what is a - 3b09f2?
-3b09e8
In base 15, what is 218002 + -cd?
217e24
In base 6, what is 401054 + -21253?
335401
In base 10, what is -2573 - 23383?
-25956
In base 6, what is -4 + -12522042?
-12522050
In base 7, what is -4 - -222054553?
222054546
In base 13, what is -876cc + -2530?
-89c2c
In base 16, what is -10 + -607de?
-607ee
In base 11, what is -26164077 + -1?
-26164078
In base 9, what is 1 + 5688740?
5688741
In base 15, what is -19 + 2e6145?
2e612b
In base 7, what is 2324443616 - 4?
2324443612
In base 7, what is -246332 + -1043?
-250405
In base 4, what is -32 + 131201202332?
131201202300
In base 14, what is 12c8b0 + -b?
12c8a3
In base 7, what is 5 - -13450505?
13450513
In base 4, what is -13 + 12232002232?
12232002213
In base 16, what is -8b + 10eb?
1060
In base 7, what is -22161 - -1123346?
1101155
In base 7, what is 24103 - 3033?
21040
In base 16, what is -c71c4 - -44?
-c7180
In base 16, what is -25f22 + -232?
-26154
In base 12, what is -11199 - 261?
-1143a
In base 7, what is -36142 + -16204?
-55346
In base 6, what is -14041 - 1401522?
-1420003
In base 13, what is 63 - 13c405?
-13c372
In base 12, what is -1673 - 26b?
-1922
In base 16, what is -16c249e - 0?
-16c249e
In base 10, what is -12613712 + 4?
-12613708
In base 13, what is 993558c - 5?
9935587
In base 11, what is -114671a + -27?
-1146746
In base 11, what is -31672a7 - 16?
-3167312
In base 12, what is -797 - -62772?
61b97
In base 4, what is -2131 + 11330013?
11321222
In base 13, what is -4 + 2c4422?
2c441b
In base 16, what is 3 + -7c4ce5?
-7c4ce2
In base 5, what is -4310 - 12240311?
-12300121
In base 11, what is 4 - 5a9327?
-5a9323
In base 4, what is 1322 - -133200332?
133202320
In base 6, what is -240 + -14235105?
-14235345
In base 14, what is -7db4 - 338?
-830c
In base 11, what is 1522311 - 67?
1522255
In base 13, what is -3 + 1804423a?
18044237
In base 7, what is -3061600 + 31?
-3061536
In base 14, what is -1b569 + cc?
-1b47b
In base 9, what is -38120360 - 5?
-38120365
In base 14, what is 210115 - 3?
210112
In base 6, what is 0 - 12045322520?
-12045322520
In base 2, what is 100 - -1010010111111100001110?
1010010111111100010010
In base 7, what is 10022506 - 1?
10022505
In base 14, what is a1 - -234d49?
23500a
In base 6, what is -451130 - -340314?
-110412
In base 10, what is -4189086 + 136?
-4188950
In base 9, what is 642253 - -7?
642261
In base 12, what is 58 - 5578610?
-5578574
In base 13, what is 879 - -5595?
6141
In base 11, what is 45493 + -2004?
4348a
In base 13, what is 7504 - 706?
6acb
In base 11, what is 3547 - -13a882?
143319
In base 16, what is -d4846 + 7?
-d483f
In base 3, what is 22211222112012 - -10?
22211222112022
In base 16, what is -1e32 + -377f?
-55b1
In base 15, what is -756475 - -1?
-756474
In base 13, what is 17242 + 40ba?
1b32c
In base 6, what is 243045224 - -112?
243045340
In base 2, what is 10111 - -101101000110001111?
101101000110100110
In base 12, what is 1 + -156a124?
-156a123
In base 9, what is 14453 - -154868?
170432
In base 11, what is -3784 - -3801?
28
In base 4, what is -1012021 - -3033232?
2021211
In base 2, what is 1111101011010110 + 11010000110?
10000000101011100
In base 10, what is -297729661 + 2?
-297729659
In base 4, what is 10 - 1222220223?
-1222220213
In base 5, what is 10304413324 - 4?
10304413320
In base 6, what is -135225 + 45332?
-45453
In base 15, what is 140162 - -4?
140166
In base 3, what is -22120010121 - -122?
-22120002222
In base 14, what is 3c03dd + -32?
3c03ab
In base 2, what is 11000001010000101 + -10111001111?
10111110010110110
In base 10, what is 2254 - 848?
1406
In base 5, what is -103 - -31420240?
31420132
In base 8, what is 3 + 10252503?
10252506
In base 13, what is -224 + 26021?
25aca
In base 7, what is 41 - -4114465?
4114536
In base 8, what is 0 - 12452741?
-12452741
In base 14, what is -8a - -379895?
379809
In base 2, what is -100100011101110100001 + -1?
-100100011101110100010
In base 13, what is 23cc065 - 9?
23cc059
In base 9, what is 185473028 + -4?
185473024
In base 16, what is 4 + -1258a8c?
-1258a88
In base 16, what is 238a040 + 4?
238a044
In base 2, what is -101100111011 - 1001110001010000?
-1010011110001011
In base 14, what is -1823c682 - -7?
-1823c679
In base 12, what is 2a2 + 76189?
7646b
In base 15, what is 4 + -144b1702?
-144b16ed
In base 6, what is 2 + 2133530541?
2133530543
In base 11, what is -658 - 42823?
-43380
In base 5, what is -3213321324 + 1020?
-3213320304
In base 6, what is 1 + 4355055121?
4355055122
In base 2, what is 10101001111100010101 - -111101?
10101001111101010010
In base 15, what is 4 + -e9b9876?
-e9b9872
In base 16, what is -2fe7 + 15?
-2fd2
In base 16, what is e72d + 41?
e76e
In base 5, what is -3424410203 - -12?
-3424410141
In base 14, what is 1750a6 - -11a?
1751c2
In base 8, what is 13546 - -1655?
15423
In base 5, what is 10 - -22413141410?
22413141420
In base 7, what is 442 + 204152?
204624
In base 4, what is 22 - 3130103121?
-3130103033
In base 7, what is 5 + -6502561?
-6502553
In base 16, what is 857 - -1388?
1bdf
In base 4, what is 21203302 - -2221?
21212123
In base 6, what is 2220355301 + -2?
2220355255
In base 2, what is -1010100010010110010100 + 101?
-1010100010010110001111
In base 16, what is -14cd - 1ecc?
-3399
In base 3, what is 10210002 - -10110002001?
10120212010
In base 8, what is 171103051 - -1?
171103052
In base 15, what is -14 + 9873d2?
9873bd
In base 16, what is -97f - 10bce?
-1154d
In base 4, what is 112320 - -21211103?
21330023
In base 14, what is 2 - 421a132?
-421a130
In base 6, what is 410 - -41350?
42200
In base 13, what is -1 - -25c39144?
25c39143
In base 11, what is -27133741 + -14?
-27133755
In base 5, what is -23 + 204122231424?
204122231401
In base 15, what is -4 - -bbecad?
bbeca9
In base 11, what is 33 - -9a9a2?
9aa25
In base 8, what is 12542 + 47550?
62312
In base 5, what is -10 + -40310041?
-40310101
In base 2, what is -1010 - -10000001001010100000?
10000001001010010110
In base 4, what is 101 - -22223211020?
22223211121
In base 3, what is -12001002212 + -1202?
-12001011121
In base 2, what is 1010011011001001101110100000 - 100?
1010011011001001101110011100
In base 10, what is -14068867 + -7?
-14068874
In base 3, what is -112021102111 + 2010101?
-112012022010
In base 13, what is -6c261 + -4?
-6c265
In base 2, what is 100001001111001100 + -1001010010101?
100000000100110111
In base 5, what is 1 + -311340110?
-311340104
In base 11, what is -1284019 + -8?
-1284026
In base 14, what is 14 - 66c5536?
-66c5522
In base 10, what is 2222 + 6647?
8869
In base 10, what is 3 - 5207881?
-5207878
In base 2, what is 1100 + 101000110100011100001001?
101000110100011100010101
In base 6, what is -524 - 211405114?
-211410042
In base 6, what is -10415225 + -32?
-10415301
In base 5, what is -4440332320 - 2?
-4440332322
In base 12, what is 4 - 694a4403?
-694a43bb
In base 6, what is -13 - -315035531?
315035514
In base 6, what is 22205 - 3432?
14333
In base 13, what is 3a77aa6 - 3?
3a77aa3
In base 5, what is 11 + 1031103121?
1031103132
In base 3, what is 202120102102002 + 21?
202120102102100
In base 16, what is 124c + 1b2?
13fe
In base 16, what is -1c6040 - 21?
-1c6061
In base 5, what is -10 - 2123310214?
-2123310224
In base 4, what is -30 - -201010032010?
201010031320
In base 2, what is 1000110111001010000101100011 + 1?
1000110111001010000101100100
In base 4, what is 11212212213 - -103?
11212212322
In base 12, what is 0 + 9035a00?
9035a00
In base 16, what is 1757fb7 - -1?
1757fb8
In base 16, what is 1cfa0 + -157?
1ce49
In base 12, what is 63 - -3a3b678?
3a3b71b
In base 4, what is 10 - 3331122211?
-3331122201
In base 10, what i